111110001001011
-20210000 (base 3) to base 4
-1031031
Convert 81 (base 16) to base 14.
93
-12953 (base 10) to base 14
-4a13
What is 115 (base 8) in base 7?
140
Convert 21d (base 14) to base 2.
110100011
Convert 3559 (base 15) to base 13.
520b
What is -1010110110 (base 2) in base 6?
-3114
-102112222 (base 3) to base 2
-10000011100111
-23100 (base 5) to base 6
-11350
What is -2c4 (base 14) in base 10?
-564
Convert -109dc (base 15) to base 12.
-26709
-170 (base 16) to base 5
-2433
What is 43041 (base 7) in base 16?
29a6
Convert -2352 (base 6) to base 16.
-23c
16822 (base 9) to base 11
8799
1312 (base 8) to base 3
222110
What is 1000221 (base 5) in base 6?
200342
Convert 100100001000 (base 2) to base 4.
210020
-210001 (base 3) to base 8
-1070
What is 4bb (base 15) in base 14?
56c
What is 54332 (base 6) in base 12?
43a8
-87 (base 12) to base 6
-251
38115 (base 10) to base 14
dc67
What is -412 (base 14) in base 2?
-1100100000
d7 (base 14) to base 10
189
-ca2 (base 16) to base 4
-302202
Convert -1001101001001001 (base 2) to base 16.
-9a49
What is 101001010 (base 2) in base 12?
236
Convert -3156 (base 9) to base 16.
-90f
b11c (base 13) to base 16
5f29
-b5ee (base 16) to base 14
-12d8a
3522 (base 7) to base 6
5550
What is 30887 (base 11) in base 2?
1010111110111010
What is -2021210 (base 3) in base 2?
-11010000100
1300 (base 4) to base 11
a2
Convert b8b (base 12) to base 11.
12a8
Convert -13b3 (base 15) to base 7.
-15204
-591 (base 10) to base 9
-726
-20120210 (base 3) to base 15
-1650
3c5 (base 14) to base 5
11021
-46153 (base 9) to base 4
-13200123
Convert 1100101000001 (base 2) to base 11.
4948
-111102 (base 5) to base 6
-30022
What is 1080 (base 9) in base 2?
1100100001
What is 1926 (base 14) in base 3?
20020020
What is 1011222 (base 4) in base 16?
116a
Convert -ec5 (base 16) to base 3.
-12012001
1120415 (base 6) to base 5
3312204
Convert 12a1 (base 11) to base 7.
4624
What is 3780 (base 11) in base 6?
34452
Convert -429 (base 14) to base 9.
-1112
Convert 20321 (base 5) to base 6.
10104
What is -137b (base 13) in base 15?
-c71
What is -1083 (base 9) in base 8?
-1444
3331312 (base 4) to base 15
4c31
What is 774 (base 13) in base 14?
674
Convert -146 (base 11) to base 16.
-ab
Convert -101201 (base 3) to base 5.
-2124
What is 1103 (base 5) in base 2?
10011001
Convert 5174 (base 8) to base 14.
d9a
-33e8 (base 15) to base 12
-6462
What is 1079 (base 11) in base 8?
2611
Convert -2700 (base 8) to base 3.
-2000112
Convert 14 (base 12) to base 2.
10000
Convert -1074 (base 11) to base 4.
-112010
What is 692 (base 10) in base 9?
848
What is -11220010 (base 3) in base 4?
-313233
What is -1220212 (base 3) in base 2?
-10101111000
Convert -440214 (base 6) to base 16.
-8e12
-23120 (base 6) to base 9
-4453
Convert 263 (base 11) to base 5.
2221
What is 1251 (base 7) in base 9?
580
Convert 43200 (base 6) to base 15.
1b39
-1613 (base 7) to base 12
-45b
1667 (base 16) to base 11
4344
What is 1443004 (base 5) in base 15?
92be
Convert -1414 (base 6) to base 15.
-19a
What is -21111 (base 6) in base 5?
-42401
7445 (base 8) to base 5
111002
What is -70516 (base 8) in base 5?
-1412011
-217a (base 13) to base 12
-2848
What is 115 (base 11) in base 4?
2021
What is 100011001011010 (base 2) in base 6?
215214
a591 (base 12) to base 11
12673
What is 2365 (base 12) in base 5?
111330
-3056 (base 7) to base 10
-1070
What is -12304 (base 6) in base 16?
-730
101 (base 16) to base 12
195
What is 10443 (base 5) in base 9?
1021
42444 (base 7) to base 13
4a31
What is -17d9 (base 14) in base 15?
-1422
-3bc8 (base 14) to base 3
-112111021
-130140 (base 5) to base 9
-6825
What is 60 (base 11) in base 10?
66
a61 (base 11) to base 12
8a5
Convert 6371 (base 11) to base 6.
103003
What is 12221 (base 6) in base 14?
937
Convert -50 (base 14) to base 2.
-1000110
What is 1001 (base 6) in base 14?
117
1030 (base 5) to base 15
95
Convert 2532 (base 6) to base 16.
278
Convert -211 (base 12) to base 2.
-100101101
Convert -3548 (base 12) to base 4.
-1131020
Convert 8237 (base 9) to base 14.
22a8
4556 (base 7) to base 4
121322
What is 1aa0 (base 14) in base 12?
2978
Convert -15636 (base 9) to base 16.
-29e5
What is -71991 (base 10) in base 12?
-357b3
What is 8271 (base 12) in base 10?
14197
Convert 30117 (base 10) to base 2.
111010110100101
-36232 (base 10) to base 11
-25249
-111100 (base 3) to base 14
-1ba
What is 10d1 (base 16) in base 9?
5813
What is 2351 (base 6) in base 2?
1000111011
What is 735 (base 13) in base 12?
863
What is 1323 (base 10) in base 6?
10043
What is -2492 (base 10) in base 9?
-3368
-166000 (base 7) to base 13
-121b4
-526 (base 10) to base 4
-20032
Convert -4254 (base 10) to base 6.
-31410
-13333 (base 4) to base 14
-287
-49ed (base 15) to base 10
-15748
What is -1f8 (base 16) in base 7?
-1320
Convert 2366 (base 12) to base 14.
1634
2275 (base 8) to base 14
629
-1021033 (base 4) to base 7
-16444
Convert -32030 (base 4) to base 12.
-638
-550 (base 13) to base 9
-1221
What is -34051 (base 6) in base 8?
-11257
-270 (base 16) to base 15
-2b9
What is 100111001101011 (base 2) in base 9?
30475
-4610 (base 7) to base 14
-877
What is -734 (base 12) in base 13?
-628
What is 62333 (base 9) in base 8?
120211
-5088 (base 10) to base 9
-6873
17bd (base 16) to base 7
23501
Convert 6ea (base 16) to base 6.
12110
Convert -1233 (base 14) to base 7.
-12163
What is 100110 (base 2) in base 13?
2c
Convert 12001220 (base 3) to base 14.
14c0
What is 55f9 (base 16) in base 15?
67c4
-171 (base 9) to base 13
-b2
What is 81a3 (base 13) in base 7?
103060
-2265 (base 8) to base 2
-10010110101
5433 (base 6) to base 10
1245
Convert 32305 (base 6) to base 13.
2030
Convert -12201 (base 3) to base 5.
-1104
What is -1101002 (base 3) in base 12?
-6b5
231 (base 9) to base 11
163
What is -2625 (base 14) in base 16?
-1a29
325100 (base 6) to base 11
19349
122115 (base 6) to base 4
2221133
What is 4315 (base 6) in base 5?
12413
-10000101100010 (base 2) to base 4
-2011202
Convert 100203132 (base 4) to base 12.
332a6
What is 12010 (base 4) in base 3?
112101
Convert -1413 (base 5) to base 4.
-3221
Convert 44677 (base 8) to base 13.
8793
-29720 (base 10) to base 6
-345332
Convert -13742 (base 8) to base 5.
-143424
-29a (base 15) to base 14
-307
-56553 (base 8) to base 3
-1012210202
15f9 (base 16) to base 10
5625
Convert 2880 (base 10) to base 4.
231000
-1041 (base 8) to base 13
-32c
-116 (base 11) to base 5
-1023
8c (base 15) to base 11
110
What is -21012 (base 3) in base 5?
-1234
What is 375 (base 9) in base 7?
623
What is 11b20 (base 12) in base 10?
24072
What is -163 (base 9) in base 13?
-a8
-14491 (base 12) to base 11
-1a318
Convert 11210112 (base 3) to base 9.
4715
Convert -100220 (base 3) to base 6.
-1123
23365 (base 7) to base 16
1789
What is 4450 (base 6) in base 4?
100032
What is -10010110000001 (base 2) in base 6?
-112241
23320 (base 4) to base 7
2134
-16226 (base 7) to base 11
-3491
-3401404 (base 5) to base 7
-335526
Convert -72183 (base 10) to base 8.
-214767
What is 16935 (base 10) in base 3?
212020020
Convert 299 (base 13) to base 3.
122012
-1111110000000 (base 2) to base 16
-1f80
Convert -4302 (base 5) to base 3.
-210101
What is -61a (base 16) in base 7?
-4361
Convert -2444 (base 5) to base 13.
-22a
What is -8a3 (base 12) in base 13?
-771
What is 4b5f (base 16) in base 15?
5ab5
25a (base 12) to base 5
2413
What is 100100120 (base 3) in base 14?
26b1
11213 (base 7) to base 4
230210
What is 5100 (base 7) in base 15?
7c9
1003102 (base 4) to base 11
3265
Convert -941 (base 13) to base 3.
-2011022
Convert 10020 (base 3) to base 15.
5c
Convert -1284 (base 12) to base 5.
-31431
2a2 (base 11) to base 8
542
-1427 (base 11) to base 8
-3464
Convert 169b (base 16) to base 12.
3423
-3230012 (base 4) to base 10
-15110
What is a52a (base 11) in base 6?
144323
Convert 434 (base 6) to base 3.
20011
Convert 1001000 (base 2) to base 14.
52
What is -1111244 (base 6) in base 14?
-165d2
-3557a (base 11) to base 9
-77286
Convert 5089 (base 10) to base 13.
2416
-223c (base 16) to base 8
-21074
Convert -102313000 (base 4) to base 13.
-29212
Convert 6b7 (base 13) to base 7.
3252
Convert 540333 (base 6) to base 14.
12169
What is fa1 (base 16) in base 4?
332201
-12223 (base 5) to base 11
-783
What is -1020012122 (base 3) in base 7?
-13